actors of 4004.
2, 7, 11, 13
What are the prime factors of 49525?
5, 7, 283
List the prime factors of 1225.
5, 7
List the prime factors of 2090.
2, 5, 11, 19
What are the prime factors of 13450?
2, 5, 269
What are the prime factors of 8209?
8209
What are the prime factors of 276?
2, 3, 23
List the prime factors of 17185.
5, 7, 491
List the prime factors of 4839.
3, 1613
List the prime factors of 514.
2, 257
List the prime factors of 3238.
2, 1619
What are the prime factors of 48618?
2, 3, 37, 73
List the prime factors of 11057.
11057
List the prime factors of 8098.
2, 4049
List the prime factors of 33586.
2, 7, 2399
What are the prime factors of 238?
2, 7, 17
What are the prime factors of 25037?
25037
List the prime factors of 35637.
3, 7, 1697
List the prime factors of 528.
2, 3, 11
List the prime factors of 551.
19, 29
What are the prime factors of 7092?
2, 3, 197
What are the prime factors of 32097?
3, 13, 823
List the prime factors of 12037.
12037
List the prime factors of 2364.
2, 3, 197
What are the prime factors of 215?
5, 43
List the prime factors of 2554.
2, 1277
What are the prime factors of 25106?
2, 12553
What are the prime factors of 26458?
2, 13229
What are the prime factors of 41530?
2, 5, 4153
What are the prime factors of 2723?
7, 389
List the prime factors of 8166.
2, 3, 1361
What are the prime factors of 1086?
2, 3, 181
What are the prime factors of 1210?
2, 5, 11
List the prime factors of 42790.
2, 5, 11, 389
List the prime factors of 6008.
2, 751
What are the prime factors of 1993?
1993
List the prime factors of 368.
2, 23
List the prime factors of 14189.
7, 2027
List the prime factors of 64220.
2, 5, 13, 19
What are the prime factors of 61719?
3, 7, 2939
What are the prime factors of 12948?
2, 3, 13, 83
What are the prime factors of 4466?
2, 7, 11, 29
List the prime factors of 3663.
3, 11, 37
List the prime factors of 53898.
2, 3, 13, 691
List the prime factors of 14.
2, 7
What are the prime factors of 3777?
3, 1259
What are the prime factors of 2681?
7, 383
What are the prime factors of 2582?
2, 1291
List the prime factors of 154.
2, 7, 11
List the prime factors of 36603.
3, 7, 83
List the prime factors of 3015.
3, 5, 67
List the prime factors of 24647.
7, 503
What are the prime factors of 1972?
2, 17, 29
What are the prime factors of 685?
5, 137
What are the prime factors of 43955?
5, 59, 149
List the prime factors of 31127.
17, 1831
List the prime factors of 10384.
2, 11, 59
List the prime factors of 14370.
2, 3, 5, 479
What are the prime factors of 9592?
2, 11, 109
What are the prime factors of 727?
727
What are the prime factors of 856?
2, 107
List the prime factors of 46177.
61, 757
List the prime factors of 2307.
3, 769
List the prime factors of 1620.
2, 3, 5
What are the prime factors of 3096?
2, 3, 43
What are the prime factors of 9653?
7, 197
What are the prime factors of 72506?
2, 7, 5179
List the prime factors of 135.
3, 5
List the prime factors of 9257.
9257
List the prime factors of 3805.
5, 761
List the prime factors of 493.
17, 29
List the prime factors of 4301.
11, 17, 23
List the prime factors of 8635.
5, 11, 157
List the prime factors of 17644.
2, 11, 401
What are the prime factors of 1318?
2, 659
What are the prime factors of 19838?
2, 7, 13, 109
List the prime factors of 142.
2, 71
What are the prime factors of 17470?
2, 5, 1747
What are the prime factors of 112938?
2, 3, 7, 2689
What are the prime factors of 11119?
11119
List the prime factors of 1783.
1783
List the prime factors of 606.
2, 3, 101
What are the prime factors of 818?
2, 409
List the prime factors of 43.
43
List the prime factors of 12890.
2, 5, 1289
List the prime factors of 82970.
2, 5, 8297
What are the prime factors of 9012?
2, 3, 751
What are the prime factors of 3587?
17, 211
What are the prime factors of 62058?
2, 3, 10343
What are the prime factors of 19043?
137, 139
What are the prime factors of 1510?
2, 5, 151
List the prime factors of 30659.
23, 31, 43
List the prime factors of 982.
2, 491
List the prime factors of 86793.
3, 7, 4133
What are the prime factors of 1033?
1033
What are the prime factors of 7601?
11, 691
What are the prime factors of 111836?
2, 73, 383
What are the prime factors of 1672?
2, 11, 19
What are the prime factors of 1395?
3, 5, 31
What are the prime factors of 122323?
122323
List the prime factors of 28103.
157, 179
List the prime factors of 1270.
2, 5, 127
What are the prime factors of 2804?
2, 701
List the prime factors of 11223.
3, 29, 43
What are the prime factors of 36197?
7, 5171
List the prime factors of 17909.
17909
What are the prime factors of 18027?
3, 2003
List the prime factors of 20612.
2, 5153
List the prime factors of 8794.
2, 4397
What are the prime factors of 82?
2, 41
List the prime factors of 3008.
2, 47
What are the prime factors of 32039?
7, 23, 199
List the prime factors of 1457.
31, 47
List the prime factors of 6150.
2, 3, 5, 41
List the prime factors of 84854.
2, 7, 11, 19, 29
List the prime factors of 114543.
3, 11, 13, 89
What are the prime factors of 57866?
2, 28933
What are the prime factors of 8078?
2, 7, 577
What are the prime factors of 9435?
3, 5, 17, 37
List the prime factors of 17.
17
What are the prime factors of 1704?
2, 3, 71
List the prime factors of 441.
3, 7
What are the prime factors of 1318?
2, 659
List the prime factors of 10435.
5, 2087
What are the prime factors of 39951?
3, 23, 193
What are the prime factors of 8538?
2, 3, 1423
List the prime factors of 2544.
2, 3, 53
What are the prime factors of 1054?
2, 17, 31
List the prime factors of 3087.
3, 7
What are the prime factors of 21273?
3, 7, 1013
List the prime factors of 209.
11, 19
List the prime factors of 4264.
2, 13, 41
List the prime factors of 6699.
3, 7, 11, 29
List the prime factors of 977.
977
List the prime factors of 32.
2
What are the prime factors of 9131?
23, 397
List the prime factors of 1376.
2, 43
What are the prime factors of 1886?
2, 23, 41
List the prime factors of 5959.
59, 101
What are the prime factors of 13282?
2, 29, 229
List the prime factors of 69553.
11, 6323
List the prime factors of 447.
3, 149
What are the prime factors of 88?
2, 11
List the prime factors of 23931.
3, 2659
List the prime factors of 170965.
5, 31, 1103
List the prime factors of 91725.
3, 5, 1223
List the prime factors of 19644.
2, 3, 1637
List the prime factors of 17490.
2, 3, 5, 11, 53
List the prime factors of 218.
2, 109
List the prime factors of 4728.
2, 3, 197
List the prime factors of 3441.
3, 31, 37
What are the prime factors of 164787?
3, 7, 19, 59
List the prime factors of 262.
2, 131
What are the prime factors of 4750?
2, 5, 19
What are the prime factors of 13157?
59, 223
List the prime factors of 51838.
2, 25919
List the prime factors of 57.
3, 19
What are the prime factors of 5977?
43, 139
What are the prime factors of 2572?
2, 643
What are the prime factors of 2475?
3, 5, 11
What are the prime factors of 629?
17, 37
List the prime factors of 19398.
2, 3, 53, 61
List the prime factors of 763.
7, 109
What are the prime factors of 35049?
3, 7, 1669
List the prime factors of 25996.
2, 67, 97
List the prime factors of 4981.
17, 293
List the prime factors of 15559.
15559
What are the prime factors of 2933?
7, 419
List the prime factors of 30044.
2, 7, 29, 37
List the prime factors of 10369.
10369
What are the prime factors of 1042?
2, 521
List the prime factors of 29903.
17, 1759
List the prime factors of 4187.
53, 79
What are the prime factors of 1819?
17, 107
List the prime factors of 19023.
3, 17, 373
List the prime factors of 1482.
2, 3, 13, 19
What are the prime factors of 15078?
2, 3, 7, 359
What are the prime factors of 991?
991
What are the prime factors of 3672?
2, 3, 17
What are the prime factors of 76?
2, 19
What are the prime factors of 87?
3, 29
What are the prime factors of 1813?
7, 37
List the prime factors of 90201.
3, 107, 281
List the prime factors of 151.
151
List the prime factors of 9942.
2, 3, 1657
What are the prime factors of 2580?
2, 3, 5, 43
List the prime factors of 5059.
5059
List the prime factors of 679.
7, 97
List the prime factors of 943.
23, 41
What are the prime factors of 104360?
2, 5, 2609
List the prime factors of 13115.
5, 43, 61
What are the prime factors of 1